{"id":1295,"date":"2024-11-10T11:13:57","date_gmt":"2024-11-10T11:13:57","guid":{"rendered":"https:\/\/creativ-coiffeur.de\/?page_id=1295"},"modified":"2024-11-10T11:15:51","modified_gmt":"2024-11-10T11:15:51","slug":"news-aktuelles","status":"publish","type":"page","link":"https:\/\/creativ-coiffeur.de\/?page_id=1295","title":{"rendered":"News &amp; Aktuelles"},"content":{"rendered":"\n<div class=\"wp-block-query is-layout-flow wp-block-query-is-layout-flow\"><ul class=\"wp-block-post-template is-layout-flow wp-block-post-template-is-layout-flow\"><li class=\"wp-block-post post-1318 post type-post status-publish format-standard has-post-thumbnail hentry category-uncategorized\">\n\n<div class=\"wp-block-columns alignwide is-layout-flex wp-container-core-columns-is-layout-9d6595d7 wp-block-columns-is-layout-flex\">\n<div class=\"wp-block-column is-layout-flow wp-block-column-is-layout-flow\" style=\"flex-basis:66.66%\"><figure class=\"wp-block-post-featured-image\"><a href=\"https:\/\/creativ-coiffeur.de\/?p=1318\" target=\"_self\"  ><img loading=\"lazy\" decoding=\"async\" width=\"1121\" height=\"140\" src=\"https:\/\/creativ-coiffeur.de\/wp-content\/uploads\/2024\/12\/NEWSHA_Logo_LilieLinks_einfarbig_Anthrazit.jpg\" class=\"attachment-post-thumbnail size-post-thumbnail wp-post-image\" alt=\"Neu bei uns: NEWSHA Produkte!\" style=\"object-fit:cover;\" srcset=\"https:\/\/creativ-coiffeur.de\/wp-content\/uploads\/2024\/12\/NEWSHA_Logo_LilieLinks_einfarbig_Anthrazit.jpg 1121w, https:\/\/creativ-coiffeur.de\/wp-content\/uploads\/2024\/12\/NEWSHA_Logo_LilieLinks_einfarbig_Anthrazit-300x37.jpg 300w, https:\/\/creativ-coiffeur.de\/wp-content\/uploads\/2024\/12\/NEWSHA_Logo_LilieLinks_einfarbig_Anthrazit-1024x128.jpg 1024w, https:\/\/creativ-coiffeur.de\/wp-content\/uploads\/2024\/12\/NEWSHA_Logo_LilieLinks_einfarbig_Anthrazit-768x96.jpg 768w\" sizes=\"auto, (max-width: 1121px) 100vw, 1121px\" \/><\/a><\/figure><\/div>\n\n\n\n<div class=\"wp-block-column is-layout-flow wp-block-column-is-layout-flow\" style=\"flex-basis:33.33%\"><h2 class=\"wp-block-post-title\"><a href=\"https:\/\/creativ-coiffeur.de\/?p=1318\" target=\"_self\" >Neu bei uns: NEWSHA Produkte!<\/a><\/h2>\n\n<div class=\"wp-block-post-excerpt\"><p class=\"wp-block-post-excerpt__excerpt\">Seit November haben wir eine aufregende Neuheit f\u00fcr euch im Laden: Die exklusiven Produkte von NEWSHA! \ud83c\udf89 NEWSHA steht f\u00fcr hochwertige Haarpflege mit ausgew\u00e4hlten, nat\u00fcrlichen Inhaltsstoffen. Ob f\u00fcr gl\u00e4nzendes, gesundes Haar, intensive Pflege oder das perfekte Styling \u2013 bei NEWSHA findest du genau das, was dein Haar braucht. Wir sind begeistert von der Qualit\u00e4t dieser<\/p><p class=\"wp-block-post-excerpt__more-text\"><a class=\"wp-block-post-excerpt__more-link\" href=\"https:\/\/creativ-coiffeur.de\/?p=1318\">&#8230; weiterlesen<\/a><\/p><\/div><\/div>\n<\/div>\n\n<\/li><li class=\"wp-block-post post-1288 post type-post status-publish format-standard has-post-thumbnail hentry category-uncategorized\">\n\n<div class=\"wp-block-columns alignwide is-layout-flex wp-container-core-columns-is-layout-9d6595d7 wp-block-columns-is-layout-flex\">\n<div class=\"wp-block-column is-layout-flow wp-block-column-is-layout-flow\" style=\"flex-basis:66.66%\"><figure class=\"wp-block-post-featured-image\"><a href=\"https:\/\/creativ-coiffeur.de\/?p=1288\" target=\"_self\"  ><img loading=\"lazy\" decoding=\"async\" width=\"1024\" height=\"505\" src=\"https:\/\/creativ-coiffeur.de\/wp-content\/uploads\/2024\/11\/IMG-20180312-WA0000-1024x505-1.jpg\" class=\"attachment-post-thumbnail size-post-thumbnail wp-post-image\" alt=\"Einblicke in unser neues Ladenlokal\u2026\" style=\"object-fit:cover;\" srcset=\"https:\/\/creativ-coiffeur.de\/wp-content\/uploads\/2024\/11\/IMG-20180312-WA0000-1024x505-1.jpg 1024w, https:\/\/creativ-coiffeur.de\/wp-content\/uploads\/2024\/11\/IMG-20180312-WA0000-1024x505-1-300x148.jpg 300w, https:\/\/creativ-coiffeur.de\/wp-content\/uploads\/2024\/11\/IMG-20180312-WA0000-1024x505-1-768x379.jpg 768w\" sizes=\"auto, (max-width: 1024px) 100vw, 1024px\" \/><\/a><\/figure><\/div>\n\n\n\n<div class=\"wp-block-column is-layout-flow wp-block-column-is-layout-flow\" style=\"flex-basis:33.33%\"><h2 class=\"wp-block-post-title\"><a href=\"https:\/\/creativ-coiffeur.de\/?p=1288\" target=\"_self\" >Einblicke in unser neues Ladenlokal\u2026<\/a><\/h2>\n\n<div class=\"wp-block-post-excerpt\"><p class=\"wp-block-post-excerpt__excerpt\"><\/p><p class=\"wp-block-post-excerpt__more-text\"><a class=\"wp-block-post-excerpt__more-link\" href=\"https:\/\/creativ-coiffeur.de\/?p=1288\">&#8230; weiterlesen<\/a><\/p><\/div><\/div>\n<\/div>\n\n<\/li><li class=\"wp-block-post post-1290 post type-post status-publish format-standard has-post-thumbnail hentry category-uncategorized\">\n\n<div class=\"wp-block-columns alignwide is-layout-flex wp-container-core-columns-is-layout-9d6595d7 wp-block-columns-is-layout-flex\">\n<div class=\"wp-block-column is-layout-flow wp-block-column-is-layout-flow\" style=\"flex-basis:66.66%\"><figure class=\"wp-block-post-featured-image\"><a href=\"https:\/\/creativ-coiffeur.de\/?p=1290\" target=\"_self\"  ><img loading=\"lazy\" decoding=\"async\" width=\"768\" height=\"512\" src=\"https:\/\/creativ-coiffeur.de\/wp-content\/uploads\/2024\/11\/Prinzessin_1-768x512-1.jpg\" class=\"attachment-post-thumbnail size-post-thumbnail wp-post-image\" alt=\"Karnevalszeit-Prinzessinnen Style\" style=\"object-fit:cover;\" srcset=\"https:\/\/creativ-coiffeur.de\/wp-content\/uploads\/2024\/11\/Prinzessin_1-768x512-1.jpg 768w, https:\/\/creativ-coiffeur.de\/wp-content\/uploads\/2024\/11\/Prinzessin_1-768x512-1-300x200.jpg 300w\" sizes=\"auto, (max-width: 768px) 100vw, 768px\" \/><\/a><\/figure><\/div>\n\n\n\n<div class=\"wp-block-column is-layout-flow wp-block-column-is-layout-flow\" style=\"flex-basis:33.33%\"><h2 class=\"wp-block-post-title\"><a href=\"https:\/\/creativ-coiffeur.de\/?p=1290\" target=\"_self\" >Karnevalszeit-Prinzessinnen Style<\/a><\/h2>\n\n<div class=\"wp-block-post-excerpt\"><p class=\"wp-block-post-excerpt__excerpt\">Ein Hauch von Anmut und Sch\u00f6nheit\u2026. wir durften es am Kopf der Prinzessin vollenden. Unser Motto: Luxus f\u00fcr dein Haar- bei uns dreht sich alles um dich und deinen Kopf!<\/p><p class=\"wp-block-post-excerpt__more-text\"><a class=\"wp-block-post-excerpt__more-link\" href=\"https:\/\/creativ-coiffeur.de\/?p=1290\">&#8230; weiterlesen<\/a><\/p><\/div><\/div>\n<\/div>\n\n<\/li><\/ul><\/div>\n","protected":false},"excerpt":{"rendered":"","protected":false},"author":1,"featured_media":0,"parent":0,"menu_order":0,"comment_status":"closed","ping_status":"closed","template":"","meta":{"_acf_changed":false,"footnotes":""},"class_list":["post-1295","page","type-page","status-publish","hentry"],"acf":[],"_links":{"self":[{"href":"https:\/\/creativ-coiffeur.de\/index.php?rest_route=\/wp\/v2\/pages\/1295","targetHints":{"allow":["GET"]}}],"collection":[{"href":"https:\/\/creativ-coiffeur.de\/index.php?rest_route=\/wp\/v2\/pages"}],"about":[{"href":"https:\/\/creativ-coiffeur.de\/index.php?rest_route=\/wp\/v2\/types\/page"}],"author":[{"embeddable":true,"href":"https:\/\/creativ-coiffeur.de\/index.php?rest_route=\/wp\/v2\/users\/1"}],"replies":[{"embeddable":true,"href":"https:\/\/creativ-coiffeur.de\/index.php?rest_route=%2Fwp%2Fv2%2Fcomments&post=1295"}],"version-history":[{"count":4,"href":"https:\/\/creativ-coiffeur.de\/index.php?rest_route=\/wp\/v2\/pages\/1295\/revisions"}],"predecessor-version":[{"id":1300,"href":"https:\/\/creativ-coiffeur.de\/index.php?rest_route=\/wp\/v2\/pages\/1295\/revisions\/1300"}],"wp:attachment":[{"href":"https:\/\/creativ-coiffeur.de\/index.php?rest_route=%2Fwp%2Fv2%2Fmedia&parent=1295"}],"curies":[{"name":"wp","href":"https:\/\/api.w.org\/{rel}","templated":true}]}}